{"id":857,"date":"2017-06-28T16:04:33","date_gmt":"2017-06-28T22:04:33","guid":{"rendered":"http:\/\/reconocimientoslaser.com\/marqueteria\/?post_type=product&#038;p=857"},"modified":"2017-07-04T15:42:48","modified_gmt":"2017-07-04T21:42:48","slug":"litografia-torre-eiffel-60-x-80","status":"publish","type":"product","link":"https:\/\/lamarqueteria.com.mx\/marqueteria\/producto\/litografia-torre-eiffel-60-x-80\/","title":{"rendered":"Litograf\u00eda-c Construcci\u00f3n de la Torre Eiffel 60 x 80"},"content":{"rendered":"","protected":false},"excerpt":{"rendered":"<p><span style=\"font-size: 14pt;\"><strong>Litograf\u00eda: <\/strong>Impresa en Europa<\/span><\/p>\n<p><span style=\"font-size: 14pt;\"><strong>Papel<\/strong>: Papel Fotogr\u00e1fico<\/span><\/p>\n<p><span style=\"font-size: 14pt;\">\u00bfC\u00f3mo realizar la compra?<\/span><\/p>\n<ul>\n<li><span style=\"font-size: 14pt;\">Elija uno de nuestros paquetes haciendo el pago del <strong>Anticipo en L\u00ednea (agregar a carrito)<\/strong><\/span><\/li>\n<li><span style=\"font-size: 14pt;\">Vis\u00edtenos en la sala de Exhibici\u00f3n de \u201cLa Marqueter\u00eda\u201d donde podr\u00e1 seleccionar entre las molduras disponibles y entregar el documento a enmarcar<\/span><\/li>\n<li><span style=\"font-size: 14pt;\">El tiempo de entrega ser\u00e1 de 3 d\u00edas h\u00e1biles despu\u00e9s de confirmado el pedido en la Sala de exhibici\u00f3n.<\/span><\/li>\n<li><span style=\"font-size: 14pt;\">Realice el pago del saldo al recoger su trabajo<\/span><\/li>\n<\/ul>\n<p><span style=\"font-size: 14pt;\">En caso de alguna duda, favor de ponerse en contacto y con gusto le atenderemos<\/span><\/p>\n<p>&nbsp;<\/p>\n<p>&nbsp;<\/p>\n","protected":false},"featured_media":858,"comment_status":"open","ping_status":"closed","template":"","meta":{"_monsterinsights_skip_tracking":false,"_monsterinsights_sitenote_active":false,"_monsterinsights_sitenote_note":"","_monsterinsights_sitenote_category":0},"product_brand":[],"product_cat":[93],"product_tag":[],"class_list":{"0":"post-857","1":"product","2":"type-product","3":"status-publish","4":"has-post-thumbnail","6":"product_cat-sin-categorizar","7":"has-featured-image","9":"first","10":"instock","11":"shipping-taxable","12":"purchasable","13":"product-type-variable"},"_links":{"self":[{"href":"https:\/\/lamarqueteria.com.mx\/marqueteria\/wp-json\/wp\/v2\/product\/857","targetHints":{"allow":["GET"]}}],"collection":[{"href":"https:\/\/lamarqueteria.com.mx\/marqueteria\/wp-json\/wp\/v2\/product"}],"about":[{"href":"https:\/\/lamarqueteria.com.mx\/marqueteria\/wp-json\/wp\/v2\/types\/product"}],"replies":[{"embeddable":true,"href":"https:\/\/lamarqueteria.com.mx\/marqueteria\/wp-json\/wp\/v2\/comments?post=857"}],"wp:featuredmedia":[{"embeddable":true,"href":"https:\/\/lamarqueteria.com.mx\/marqueteria\/wp-json\/wp\/v2\/media\/858"}],"wp:attachment":[{"href":"https:\/\/lamarqueteria.com.mx\/marqueteria\/wp-json\/wp\/v2\/media?parent=857"}],"wp:term":[{"taxonomy":"product_brand","embeddable":true,"href":"https:\/\/lamarqueteria.com.mx\/marqueteria\/wp-json\/wp\/v2\/product_brand?post=857"},{"taxonomy":"product_cat","embeddable":true,"href":"https:\/\/lamarqueteria.com.mx\/marqueteria\/wp-json\/wp\/v2\/product_cat?post=857"},{"taxonomy":"product_tag","embeddable":true,"href":"https:\/\/lamarqueteria.com.mx\/marqueteria\/wp-json\/wp\/v2\/product_tag?post=857"}],"curies":[{"name":"wp","href":"https:\/\/api.w.org\/{rel}","templated":true}]}}

Litografía-c Construcción de la Torre Eiffel 60 x 80

<p><span style="font-size: 14pt;"><strong>Litografía: </strong>Impresa en Europa</span></p>
<p><span style="font-size: 14pt;"><strong>Papel</strong>: Papel Fotográfico</span></p>
<p><span style="font-size: 14pt;">¿Cómo realizar la compra?</span></p>
<ul>
<li><span style="font-size: 14pt;">Elija uno de nuestros paquetes haciendo el pago del <strong>Anticipo en Línea (agregar a carrito)</strong></span></li>
<li><span style="font-size: 14pt;">Visítenos en la sala de Exhibición de “La Marquetería” donde podrá seleccionar entre las molduras disponibles y entregar el documento a enmarcar</span></li>
<li><span style="font-size: 14pt;">El tiempo de entrega será de 3 días hábiles después de confirmado el pedido en la Sala de exhibición.</span></li>
<li><span style="font-size: 14pt;">Realice el pago del saldo al recoger su trabajo</span></li>
</ul>
<p><span style="font-size: 14pt;">En caso de alguna duda, favor de ponerse en contacto y con gusto le atenderemos</span></p>
<p>&nbsp;</p>
<p>&nbsp;</p>
